{"id":493,"date":"2020-01-22T18:54:25","date_gmt":"2020-01-22T17:54:25","guid":{"rendered":"https:\/\/www.diffringfoundation.com\/?page_id=493"},"modified":"2023-05-19T16:25:55","modified_gmt":"2023-05-19T14:25:55","slug":"film-portrait","status":"publish","type":"page","link":"https:\/\/www.diffringfoundation.com\/?page_id=493","title":{"rendered":"Film &#8211; Portrait"},"content":{"rendered":"\n<p>Atelierbesuch bei Jacqueline Diffring in Ch\u00e2teauneuf-de-Grasse \/ Frankreich, 2011<\/p>\n\n\n\n<p>Ein Film von Norbert Wartig<\/p>\n\n\n\n<p>Diese  DVD, 20 Min., ist bestellbar mit der ISBN 978-3-939558-38-5<\/p>\n\n\n\n<p>Wird demn\u00e4chst wieder auf YouTube sichtbar. Danke f\u00fcr Ihr Verst\u00e4ndnis.<br>Die DVD wird auf Wunsch im Mittelrhein-Museum Koblenz zur Ansicht bereitgestellt.<\/p>\n\n\n\n<p><\/p>\n\n\n","protected":false},"excerpt":{"rendered":"<p>Atelierbesuch bei Jacqueline Diffring in Ch\u00e2teauneuf-de-Grasse \/ Frankreich, 2011 Ein Film von Norbert Wartig Diese DVD, 20 Min., ist bestellbar[&#8230;]<\/p>\n","protected":false},"author":1,"featured_media":0,"parent":0,"menu_order":0,"comment_status":"closed","ping_status":"closed","template":"","meta":{"ngg_post_thumbnail":0,"footnotes":""},"class_list":["post-493","page","type-page","status-publish","hentry"],"_links":{"self":[{"href":"https:\/\/www.diffringfoundation.com\/index.php?rest_route=\/wp\/v2\/pages\/493","targetHints":{"allow":["GET"]}}],"collection":[{"href":"https:\/\/www.diffringfoundation.com\/index.php?rest_route=\/wp\/v2\/pages"}],"about":[{"href":"https:\/\/www.diffringfoundation.com\/index.php?rest_route=\/wp\/v2\/types\/page"}],"author":[{"embeddable":true,"href":"https:\/\/www.diffringfoundation.com\/index.php?rest_route=\/wp\/v2\/users\/1"}],"replies":[{"embeddable":true,"href":"https:\/\/www.diffringfoundation.com\/index.php?rest_route=%2Fwp%2Fv2%2Fcomments&post=493"}],"version-history":[{"count":5,"href":"https:\/\/www.diffringfoundation.com\/index.php?rest_route=\/wp\/v2\/pages\/493\/revisions"}],"predecessor-version":[{"id":651,"href":"https:\/\/www.diffringfoundation.com\/index.php?rest_route=\/wp\/v2\/pages\/493\/revisions\/651"}],"wp:attachment":[{"href":"https:\/\/www.diffringfoundation.com\/index.php?rest_route=%2Fwp%2Fv2%2Fmedia&parent=493"}],"curies":[{"name":"wp","href":"https:\/\/api.w.org\/{rel}","templated":true}]}}