{"id":113,"date":"2019-03-14T13:55:02","date_gmt":"2019-03-14T12:55:02","guid":{"rendered":"https:\/\/diffringfoundation.com.web6.webflow.de\/?page_id=113"},"modified":"2023-05-07T12:02:15","modified_gmt":"2023-05-07T10:02:15","slug":"biographie","status":"publish","type":"page","link":"https:\/\/www.diffringfoundation.com\/?page_id=113","title":{"rendered":"Biographie"},"content":{"rendered":"\n<p><strong>Jacqueline Diffring<\/strong>   (7.02.1920 &#8211; 28.09.2020)<\/p>\n\n\n\n<p>1920 in Koblenz geboren, studierte sie 1937 Kunst an der legend\u00e4ren Reimann-Schule in Berlin. Aufgrund schwerwiegender Repressalien der Nationalsozialisten musste sie Deutschland verlassen und emigrierte 1939 nach England. Sie \u00fcbernahm die britische Staatsb\u00fcrgerschaft und absolvierte 1946 die Kunstausbildung am Technical College in Cambridge.<br>Zwei weitere Jahre studierte sie Bildhauerei an der Chelsea School of Art in London. Sie studierte bei Soukop und McWilliam. Ihr wichtigster Lehrer war Henry Moore, der \u00f6fter die Bildhauerklassen in Chelsea besuchte und mit Jacqueline Diffring regelm\u00e4ssig einen intensiven  Dialog f\u00fchrte. Nach Beendigung ihrer Ausbildung studierte sie an der London University und unterrichtete zun\u00e4chst an der Wisbech Highschool for girls. Auf Wunsch der Eltern, die den Krieg \u00fcberlebten, kehrte Diffring Anfang der 1950er Jahre nach Koblenz zur\u00fcck. Ihre traumatischen Erfahrungen, auch noch im Nachkriegsdeutschland, f\u00fchrten 1960 zu dem hoffnungsvollen Entschluss, in Frankreich psychische Stabilit\u00e4t  zu erlangen und die k\u00fcnstlerische Arbeit wieder aufnehmen zu k\u00f6nnen.<br><\/p>\n\n\n\n<figure class=\"wp-block-image size-large\"><img loading=\"lazy\" decoding=\"async\" width=\"754\" height=\"1024\" src=\"https:\/\/www.diffringfoundation.com\/wp-content\/uploads\/2019\/12\/IMG_0213-754x1024.jpg\" alt=\"\" class=\"wp-image-381\" srcset=\"https:\/\/www.diffringfoundation.com\/wp-content\/uploads\/2019\/12\/IMG_0213-754x1024.jpg 754w, https:\/\/www.diffringfoundation.com\/wp-content\/uploads\/2019\/12\/IMG_0213-221x300.jpg 221w, https:\/\/www.diffringfoundation.com\/wp-content\/uploads\/2019\/12\/IMG_0213-768x1043.jpg 768w, https:\/\/www.diffringfoundation.com\/wp-content\/uploads\/2019\/12\/IMG_0213-1131x1536.jpg 1131w, https:\/\/www.diffringfoundation.com\/wp-content\/uploads\/2019\/12\/IMG_0213-1508x2048.jpg 1508w, https:\/\/www.diffringfoundation.com\/wp-content\/uploads\/2019\/12\/IMG_0213.jpg 1698w\" sizes=\"auto, (max-width: 754px) 100vw, 754px\" \/><\/figure>\n\n\n\n<p>Ihr Werk visualisiert die Verkn\u00fcpfung von biographischer Bedingtheit und k\u00fcnstlerischem Werdegang. Nicht die Variation von Formen ist ihr Anliegen, sondern das Einkreisen von Themen, aus ihnen heraus entwickelt sich die Neugestaltung.<br>Seit den 80iger Jahren werden ihre Werke in internationalen Galerien, Museen und Kunstmessen pr\u00e4sentiert.<br>2007 gr\u00fcndete sie die Jacqueline Diffring Foundation in Berlin, eine gemeinn\u00fctzige Stiftung f\u00fcr Kunst und Kultur.<\/p>\n\n\n\n<p><strong>F<\/strong><\/p>\n\n\n\n<p>N\u00e9e \u00e0 Coblence en Allemagne,&nbsp;<strong>Jacqueline Diffring&nbsp;<\/strong>grandit dans l\u2019art et les milieux culturels des ann\u00e9es 30 \u00e0 Berlin. Tout d\u2019abord inhib\u00e9e par ses exp\u00e9riences du national-socialisme, elle d\u00e9couvre ses facult\u00e9s cr\u00e9atrices entre 1946 et 1948 \u00e0 la Chelsea School of Art de Londres. Elle \u00e9tudie chez Soukop et McWilliam, mais c\u2019est Henry Moore qui fut son ma\u00eetre le plus influent.<br>Depuis le d\u00e9but des ann\u00e9es 60, Jacqueline Diffring vit et travaille en France.<\/p>\n\n\n\n<p>On reconna\u00eet dans son \u0153uvre les acquis de l\u2019art moderne associ\u00e9s \u00e0 une expression tr\u00e8s personnelle qui atteint une qualit\u00e9 enti\u00e8rement nouvelle, soumise au motif de chaque sculpture. Son objectif n\u2019est pas de varier les formes de ses sculptures, mais d\u2019en pr\u00e9ciser la th\u00e9matique. Il en na\u00eet une cr\u00e9ation nouvelle et autonome.<br>Les points de vue artistiques de Constantin Brancusi et de Marino Marini, le refus absolu de toute forme de naturalisme li\u00e9 \u00e0 une tendance immanente \u00e0 l\u2019abstraction et \u00e0 un int\u00e9r\u00eat tr\u00e8s fort pour l\u2019art primitif impr\u00e8gnent profond\u00e9ment l\u2019\u0153uvre de Jacqueline Diffring.<br>Hormis quelques repr\u00e9sentations de t\u00eates dans lesquelles on croit reconna\u00eetre des autoportraits de l\u2019artiste, les sculptures de Diffring se refusent \u00e0 toute classification : elles ne sont ni masculines, ni f\u00e9minines. Elles renvoient ainsi \u00e0 leur spiritualit\u00e9, \u00e0 une id\u00e9e. La composition et les proportions sont rigoureusement soumises \u00e0 l\u2019expression de cette id\u00e9e. Chaque sculpture existe pour elle-m\u00eame, c\u2019est un mod\u00e8le de pens\u00e9e transcend\u00e9, mat\u00e9rialis\u00e9 en un corps.<\/p>\n\n\n\n<p><strong>E<\/strong><\/p>\n\n\n\n<p>Born in Koblenz, Germany in 1920,&nbsp;<strong>Jacqueline Diffring<\/strong>&nbsp;began her artistic studies as a 17-year-old at the legendary Reimann School in Berlin. Two years later, severe discrimination and reprisals by the national socialists made her leave Germany and immigrate to the UK. Jacqueline Diffring acquired British citizenship and graduated in fine arts at the Technical College in Cambridge in 1946. At Chelsea School of Art in London, where she studied sculpture with Soukop and Mc William, she met Henry Moore who became her most important teacher. Having completed her education at London University, she worked as a teacher at&nbsp; Wisbech High School.<br>Since the beginning of the 1960\u2019s Jacqueline Diffring has been living and working in France.<br>Her work visualizes the connection between biographical relativity and artistic development and can since the 1980\u2019s be found in major galleries, collections and art fairs allover Europe.<br>In the year 2007 she launched a non-profit organization in Berlin. The Jacqueline Diffring Foundation is dedicated to promoting art and culture and awards regulary a prize of 5000 \u20ac to a young international sculptor.<\/p>\n\n\n\n<p><strong>EXPOSITIONS PERSONNELLES<\/strong><\/p>\n\n\n\n<p>1979<br>&#8211; Galerie Wolfgang Rost, Bilder und Skulpturen, Coblence, Allemagne,<br>15 mai &#8211; 13 juni 1979<\/p>\n\n\n\n<p>1980<br>&#8211; Galerie Seifert-Binder, Munich, Allemagne,<br>d\u00e9cembre 1980 &#8211; janvier 1981<\/p>\n\n\n\n<p>1982<br>&#8211; Galerie des Peintres Europ\u00e9ens, Cannes, France,<br>17 d\u00e9cembre 1982 &#8211; 15 janvier 1983 (cat.)<\/p>\n\n\n\n<p>1983<br>&#8211; Galerie Suzanne Pons, Cannes<br>&#8211; Galerie Paon, Avenches, Suisse, 6 mai &#8211; 3 juillet 1983<\/p>\n\n\n\n<p>1984<br>&#8211; Galerie Joachim Becker, Cannes, France, d\u00e9cembre 1984<\/p>\n\n\n\n<p>1986<br>&#8211; Galerie Arno, Florence, Italie<\/p>\n\n\n\n<p>1987<br>&#8211; Galerie Tobias Hirschmann, Francfort, Allemagne<br>&#8211; Galerie Joachim Becker, Cannes, France, 5 &#8211; 26 septembre 1987<\/p>\n\n\n\n<p>1989<br>&#8211; \u00abMaquettes for Architectural Sculptures &#8211; Regard dans<br>l\u2019Atelier de Ch\u00e2teauneuf-de-Grasse\u00bb, Galerie Joachim Becker,<br>le 30 juillet 1989<\/p>\n\n\n\n<p>1990<br>&#8211; Galerie Kutter, Luxembourg,<br>\u201cLe jeu subtil des angles et surfaces\u201d, avril 1990<\/p>\n\n\n\n<p>1991<br>&#8211; Galerie Tobias Hirschmann, Francfort, Allemagne,<br>5 septembre &#8211; 22 octobre 1991, (cat.)<\/p>\n\n\n\n<p>1992<br>&#8211; Galerie Martine Queval, Paris, France, 13 mai &#8211; 9 juin 1992<br>&#8211; Galerie Joachim Becker, Cannes, France, 27 septembre &#8211; 17 octobre 1992<\/p>\n\n\n\n<p>1993<br>&#8211; Galerie Tobias Hirschmann, Francfort, Allemagne<\/p>\n\n\n\n<p>1995<br>&#8211; Galerie Tobias Hirschmann, Francfort, Allemagne,<br>6 avril &#8211; 31 mai 1995<\/p>\n\n\n\n<p>1998<br>&#8211; Galerie Raum und Kunst, Hambourg, Allemagne, mai-juillet 1998<\/p>\n\n\n\n<p>1999<br>&#8211; Galerie Tobias Hirschmann, Francfort, Allemagne,<br>novembre &#8211; d\u00e9cembre 1999<\/p>\n\n\n\n<p>2000<br>&#8211; Mus\u00e9e Edgar M\u00e9lik, Retrospective, Cabri\u00e8s, France,<br>12 f\u00e9vrier &#8211; 5 mars 2000<br>&#8211; Centre Franco-Allemand de Provence, Maison de T\u00fcbingen, Aix-en-Provence, 5 f\u00e9vrier &#8211; 5 mars 2000<\/p>\n\n\n\n<p>2004<br>Art Convent de la Missi\u00f3, Palma de Mallorca, 16 setembre &#8211; 23 octubre 2004<\/p>\n\n\n\n<p>2007<br>&#8211; Galerie Hohenthal und Bergen, Berlin, Allemagne<br>\u201dThe Inner Eye\u201d, 11 juillet &#8211; 08 septembre 2007<\/p>\n\n\n\n<p>2008<br>&#8211; Terrasse des Arts, Ch\u00e2teauneuf, France, 5 avril &#8211; 20 avril 2008<\/p>\n\n\n\n<p>2010<br>&#8211; Inauguration &#8222;The Inner Eye&#8220;, 17. septembre 2010, <br>White&amp;Case, Kurf\u00fcrstendamm 32 \/Uhlandstrasse<br>&#8211; Galerie Hohenthal und Bergen, Berlin, 18. septembre &#8211; 30 octobre 2010<br>&#8211; Ambassade de France en Allemagne, Berlin<br>20 septembre &#8211; 5 novembre 2010<\/p>\n\n\n\n<p>2011<br>&#8211; Galerie Hirschmann, Berlin, \u201cSpiegel des Lebens\u201d,<br>08. novembre &#8211; 20. janvier 2012<\/p>\n\n\n\n<p>2012<br>&#8211; Terrasse des Arts, Ch\u00e2teauneuf, France, <br>Inauguration &#8222;La Chute&#8220;, 22 juillet 2012<\/p>\n\n\n\n<p>2013<br>&#8211; ART Karlsruhe, Skulpturenplatz \/Galerie Hirschmann Berlin<br>&#8211; Galerie AEA, \u201cG\u00f6tter oder Architektorale Skulptur\u201d, Berlin<br>08.05.-31.08.2013<\/p>\n\n\n\n<p>2014<br>&#8211; ART Karlsruhe, Skulpturenplatz \/Galerie Hirschmann Berlin<br>&#8211; Kunstkabinett im Turm Wolfgang Thomeczek, \u201cTracer une emotion\u201d,<br>Gr\u00fcnstadt\/Sausenheim 04.05.-25.05.2014 (cat.)<\/p>\n\n\n\n<p>2015<br>&#8211; Mittelrheinmuseum Koblenz, Foyer, anl\u00e4\u00dflich der Verleihung <br>des Kulturpreises 2014 der Stadt Koblenz, 23.01.-28.02.2015<br>&#8211; Neue Arbeiten, Galerie Hirschmann Berlin, 26.03.-05.06.2015<\/p>\n\n\n\n<p>2016<br>&#8211; Galerie Stefan Vogdt, M\u00fcnchen, 10.3. &#8211; 22.04. 2016<br>&#8211; \u201cConfluencia\u201d &#8211; Retrospektive, Mittelrheinmuseum Koblenz,<br>24.6. bis 25.9.2016<\/p>\n\n\n\n<p>2017<br>Galerie Hirschmann, Cologne Fine Art, K\u00f6ln<\/p>\n\n\n\n<p>2018<br>Hilda-Gymnasium Koblenz, &#8222;The Inner Eye&#8220; permanent<\/p>\n\n\n\n<p>2019<br>Jacqueline Diffring \u2013 Das Atelier<br>permanent, Mittelrhein-Museum, Koblenz<\/p>\n\n\n\n<p>2020<br>Galerie Florian Sch\u00f6nfelder, Berlin, &#8222;Zum 100. Geburtstag&#8220;,<br>Skulpturen und Zeichnungen, 07.02 bis 14.03.2020<\/p>\n\n\n\n<p>2023<br>Jacqueline Diffring | Prelude,<br>Mittelrhein-Museum Koblenz, 13.5.-12.11.2023<br><\/p>\n\n\n\n<p><\/p>\n\n\n\n<p><strong>EXPOSITIONS collectives<\/strong><\/p>\n\n\n\n<p>1975<br>&#8211; Galerie Wolfgang Rost, Peintures de Dali, Diffring, Fini, Picasso,<br>Coblence, Allemagne, juin 1975<\/p>\n\n\n\n<p>1976<br>&#8211; La Taverne aux Po\u00e8tes, \u00abDes Femmes Peintres de l\u2019ouest\u00bb, Angers, France,<br>6 &#8211; 27 novembre 1976<br>&#8211; 2\u00e8me Salon d\u2019Hiver de Brissac, Moulin du Pav\u00e9, Brissac-Quinc\u00e9, France,<br>12 &#8211; 26 d\u00e9cembre 1976<br>&#8211; 18\u00e8me Salon de Peinture, P\u00e9restyle du Th\u00e9\u00e2tre, Saumur, France,<br>7 &#8211; 21 novembre 1976<\/p>\n\n\n\n<p>1977<br>&#8211; 19\u00e8me Salon de Peinture, P\u00e9restyle du Th\u00e9\u00e2tre, Saumur, France,<br>23 octobre &#8211; 6 novembre 1977<\/p>\n\n\n\n<p>1981<br>&#8211; Triennale Europ\u00e9enne de la sculpture, Grand Palais,<br>Fonderie Taube Paris, France, 8 &#8211; 30 d\u00e9cembre 1981<br>&#8211; Palais des Congr\u00e8s, Aix-en-Provence, France, 5 &#8211; 21 juin, 1981<br>&#8211; Galerie des Peintres Europ\u00e9ens, Cannes, d\u00e9cembre 1981 &#8211; janvier 1982<\/p>\n\n\n\n<p>1982<br>&#8211; Galerie Joachim Becker, Cannes, France<br>&#8211; Anna Johnson Gallery, Cambridge, Ma., USA<\/p>\n\n\n\n<p>1983<br>&#8211; Rencontre des Artistes Contemporains, Palais de la Croisette,<br>Cannes, France, 17 &#8211; 30 septembre 1983<\/p>\n\n\n\n<p>1984<br>&#8211; Galerie Arno, Florence, Italie<br>&#8211; FIAC, Paris \/ Galerie Joachim Becker, Cannes<\/p>\n\n\n\n<p>1985<br>&#8211; Centre National d\u2019Art Contemporain, Villa Arson, Nice, France<br>&#8211; 3\u00e8me Rencontre des Artistes Contemporains, Palais de la Croisette,<br>Cannes, France, 2 &#8211; 30 septembre 1985<\/p>\n\n\n\n<p>1986<br>&#8211; Art\u2019 86 B\u00e2le, Suisse \/ Galerie Joachim Becker, juin 1986<br>&#8211; \u00abAccrochage\u00bb, Galerie Joachim Becker, Cannes, d\u00e9cembre 1986<\/p>\n\n\n\n<p>1987<br>&#8211; \u00abMasques d\u2019artistes\u00bb, La Malmaison, Cannes, France,<br>27 mars &#8211; 21 juin 1987<br>&#8211; Galerie Arno, Florence, Italie<br>&#8211; FIAC, Paris, France\/Galerie Joachim Becker, octobre 1987<\/p>\n\n\n\n<p>1988<br>&#8211; \u00abDe la Figuration \u00e0 l\u2019Abstraction\u00bb, La Malmaison, Cannes, France,<br>3 mars &#8211; 1 mai 1988 (cat.)<br>&#8211; Art\u2019 88 B\u00e2le, Suisse \/ Galerie Joachim Becker, juin 1988<\/p>\n\n\n\n<p>1991<br>&#8211; Galerie Joachim Becker, Cannes, France<\/p>\n\n\n\n<p>1992<br>&#8211; \u00abArt, Corps, Cerveau\u00bb, Mus\u00e9e pour l\u2019Art Concret,<br>Ch\u00e2teau de Mouans-Sartoux, France, 4 &#8211; 6 septembre 1992<\/p>\n\n\n\n<p>1993<br>&#8211; X\u00e8me&nbsp;Recontre des Artistes Contemporains, Chateau-Musee de Cagnes-sur-Mer, 4. D\u00e9cembre 1993 \u2013 9. Janvier 1994<\/p>\n\n\n\n<p>1994<br>&#8211; FIAC, Paris, France \/ Galerie Joachim Becker, 0ctobre 1994<br>&#8211; 11\u00e8me Rencontre des Artistes Contemporains, Ch\u00e2teau de la Napoule,<br>Fondation Henry Clews, France, 6 &#8211; 22 d\u00e9cembre 1994 (cat.)<br>&#8211; 10\u00e8me Rencontre des Artistes Contemporains, Ch\u00e2teau &#8211; Mus\u00e9e<br>de Cagnes-sur-mer, France, 4 d\u00e9cembre 1994 &#8211; 9 janvier 1995<\/p>\n\n\n\n<p>1995<br>&#8211; ART Francfort, Allemagne \/ Galerie Becker et Galerie Hirschmann,<br>avril 1995 (cat.)<br>&#8211; Galerie Joachim Becker, Cannes<\/p>\n\n\n\n<p>1996<br>&#8211; Galerie Vecchio, Cannes, France<br>&#8211; Castello della Lucertola, \u00abClair de Femme\u00bb, Apricale, Italie,<br>15 &#8211; 30 juillet 1996<br>&#8211; Galerie Tobias Hirschmann, \u00abLiebe und Poesie\u00bb, Francfort, Allemagne,<br>6 septembre &#8211; 29 octobre 1996<\/p>\n\n\n\n<p>1997<br>&#8211; Galerie Tobias Hirschmann, \u00abTod und Hoffnung\u00bb, Francfort, Allemagne,<br>6 d\u00e9cembre 1996 &#8211; 20 janvier 1997<\/p>\n\n\n\n<p>1998<br>&#8211; Galerie Alster Villa, Hambourg, Allemagne<br>&#8211; Galerie Tobias Hirschmann, \u00abBlick auf die Zeichnung\u00bb, Francfort, Allemagne, 12 septembre &#8211; 31 octobre 1998<br>&#8211; 17\u00e8me Salon d\u2019Angers, H\u00f4tel de Ville, Angers, France,<br>16 octobre &#8211; 30 novembre 1998 (cat.)<\/p>\n\n\n\n<p>1999<br>&#8211; Mairie du VI\u00e8me, Paris, \u00abLes artistes contemporains de Provence-C\u00f4te d\u2019Azur\u00bb, avec Arman, Clav\u00e9, Jenkins, Villers, 6 au 23 avril 1999<br>&#8211; 5\u00e8me Biennale Europ\u00e9enne de Sculpture, Jardin des Plantes de la Ville de Paris, 18 septembre &#8211; 3 octobre 1999<br>&#8211; XVIII\u00e8me Salon d\u2019Angers, H\u00f4tel de Ville, Angers, France,<br>2 octobre &#8211; 7 novembre 1999 (cat.)<\/p>\n\n\n\n<p>2000<br>&#8211; Salon International d\u2019Art Contemporain sur la Musique, H\u00f4tel de Ville de Saint-Barth\u00e9lemy d\u2019Anjou, 23 juin &#8211; 23 juillet 2000<\/p>\n\n\n\n<p>2001<br>&#8211; 6\u00e8me Biennale europ\u00e9enne de Sculpture, Jardin des Plantes \u00e0 Paris, 14 septembre &#8211; 14 octobre 2001<br>&#8211; Salon d\u2019 Angers, \u201cL\u2019art vous interpelle\u201d, 13 octobre &#8211; 18 novembre 2001<\/p>\n\n\n\n<p>2007<br>&#8211; L\u2018Ambassade de France en Allemagne, Berlin, exposition permanente<br>&#8211; Deutsches Institut f\u00fcr Wirtschaftsforschung, DIW Berlin, exposition permanente<\/p>\n\n\n\n<p>2009<br>&#8211; \u00abUm den Kopf herum\u00bb, Artesania, M\u00fcnchen, 14 mars 2009<br>&#8211; \u00abDer Kopf im Zentrum allen Seins\u00bb, Villa Kult, Berlin, 28 mars 2009<\/p>\n\n\n\n<p>2010<br>&#8211;&nbsp; Basel Art Fair SCOPE, Galerie Hohenthal und Bergen, Berlin<br>&#8211; &#8222;Gro\u00dfe Skulptur im kleinen Format&#8220;, J. Diffring und ihre Preistr\u00e4ger<br>Guillem Nadal und Kyoeng Sub Yue,  Villa Kult, Berlin, 18. septembre 2010<\/p>\n\n\n\n<p>2012<br>&#8211; Sculpture network: \u201cSkulptur.Werk.Raum\u201c, Bethanien, Berlin, 27. avril &#8211; <br>  6 mai 2012<br>&#8211; Galerie AEA, art et architecture, Berlin, 14 juin &#8211; septembre 2012<br>&#8211; Fonderie d\u2019art de la Plaine, Paris, exposition d\u2019inauguration, 19 juin 2012<\/p>\n\n\n\n<p>2013<br>&#8211; \u201cBuildings\u201d, Galerie AEA, Berlin, 06.09.-22.11.2013<\/p>\n\n\n\n<p>2017<br>&#8211; \u201cLiving Room\u201d, Galerie Hirschmann, Berlin<\/p>\n\n\n\n<p>2018<br>&#8211; Heimatmuseum Koblenz-G\u00fcls, 22.04. &#8211; 14.10.2018<\/p>\n\n\n\n<p>2019<br>&#8211; &#8222;Deutsche K\u00fcnstler im Exil 1933 &#8211; 1945&#8220;, Mittelrhein-Museum Koblenz,<br>15.06. &#8211; 29.09.2019<\/p>\n\n\n\n<p>2021<br>&#8211; &#8222;Kunst unterwegs&#8220;, Koblenz, Plakat-Aktion, Mai bis Oktober 2021<br><br><\/p>\n","protected":false},"excerpt":{"rendered":"<p>Jacqueline Diffring (7.02.1920 &#8211; 28.09.2020) 1920 in Koblenz geboren, studierte sie 1937 Kunst an der legend\u00e4ren Reimann-Schule in Berlin. Aufgrund[&#8230;]<\/p>\n","protected":false},"author":1,"featured_media":0,"parent":0,"menu_order":3,"comment_status":"closed","ping_status":"closed","template":"","meta":{"ngg_post_thumbnail":0,"footnotes":""},"class_list":["post-113","page","type-page","status-publish","hentry"],"_links":{"self":[{"href":"https:\/\/www.diffringfoundation.com\/index.php?rest_route=\/wp\/v2\/pages\/113","targetHints":{"allow":["GET"]}}],"collection":[{"href":"https:\/\/www.diffringfoundation.com\/index.php?rest_route=\/wp\/v2\/pages"}],"about":[{"href":"https:\/\/www.diffringfoundation.com\/index.php?rest_route=\/wp\/v2\/types\/page"}],"author":[{"embeddable":true,"href":"https:\/\/www.diffringfoundation.com\/index.php?rest_route=\/wp\/v2\/users\/1"}],"replies":[{"embeddable":true,"href":"https:\/\/www.diffringfoundation.com\/index.php?rest_route=%2Fwp%2Fv2%2Fcomments&post=113"}],"version-history":[{"count":26,"href":"https:\/\/www.diffringfoundation.com\/index.php?rest_route=\/wp\/v2\/pages\/113\/revisions"}],"predecessor-version":[{"id":648,"href":"https:\/\/www.diffringfoundation.com\/index.php?rest_route=\/wp\/v2\/pages\/113\/revisions\/648"}],"wp:attachment":[{"href":"https:\/\/www.diffringfoundation.com\/index.php?rest_route=%2Fwp%2Fv2%2Fmedia&parent=113"}],"curies":[{"name":"wp","href":"https:\/\/api.w.org\/{rel}","templated":true}]}}